
4
Let z(f) be the second derivative of 4*f + 0 - 5/12*f**4 - 1/120*f**5 + 0*f**2 + 1/180*f**6 + 0*f**3. Let w(u) be the third derivative of z(u). What is w(3)?
11
Let c be (0 + -1)*(-19 + 31). Let z(t) = t**3 + 5*t**2 + 3*t + 6. Let i be z(-5). Let d = c - i. Let y(s) = s - 1. What is y(d)?
-4
Let x(q) = 16*q**3 + 4 + 5*q + 0 - 17*q**3 - 4*q**2. Let g = 7 - 5. Let y = g - 7. Give x(y).
4
Let j(v) be the third derivative of -v**5/60 + 5*v**4/12 + 14*v**3/3 + 402*v**2. Determine j(13).
-11
Let q(m) = -m. Suppose -140*p - 6 = -146*p. What is q(p)?
-1
Let s(y) be the first derivative of 5*y**4/4 + y**3/3 + y**2 + y - 183. What is s(-1)?
-5
Let s(c) = c**2 + 14*c - 3. Suppose -4*h + 4*l + 48 = -h, -3*h = 2*l - 30. Suppose x = -h*x - 182. Determine s(x).
-3
Let h(s) = -7*s - 2. Let m be h(-1). Suppose 76 = m*o - 4. Let q be -2 + o/12*-3. Let l(b) = -b**2 - 7*b - 1. Give l(q).
5
Let t(d) be the first derivative of -d**4/4 + 2*d**3 - 8*d - 6. Let a = 202 - 196. Calculate t(a).
-8
Let d be (-102)/(-36) + (-3)/(-18). Let j(r) = -2*r**2 + 2*r + 4. What is j(d)?
-8
Let h(x) = x**2 + 4*x - 8. Let d(o) be the first derivative of o**4/4 + 2*o**3/3 - 5*o**2/2 + 5*o + 18. Let r be d(-4). Determine h(r).
13
Let l be ((-36)/15)/(4/(-20)). Let w = 5 - l. Let d(y) = y**3 + 7*y**2 + 5. Let b be d(w). Let r(z) = -2*z - 1. Calculate r(b).
-11
Suppose -d + 25 = 4. Suppose d = -3*r - 3*v, 20 = -4*r - 3*v + v. Let g(m) = 7*m + 3*m - 16*m + 7*m. Determine g(r).
-3
Let k(o) = o**2 + 9*o + 19. Let x be k(-6). Let b(a) = 3*a - a**2 - a + 0*a + 0*a**2. Give b(x).
1
Let p(m) = 5*m**3 + 5 - 11*m**2 - 12*m**3 + 8*m**3 - 4*m. Calculate p(11).
-39
Let g(q) be the second derivative of -q**4/12 - 4*q**3/3 + 7*q**2 + 93*q. Determine g(-10).
-6
Let m(i) = 2*i + 8. Suppose -4 = 4*k - 20, n - 12 = -4*k. Let x = n - -5. Let y be 0 - x - (12 - 6). What is m(y)?
-6
Let d(t) = -2*t - 1. Let q(a) = a**3 - 9*a**2 - 23*a + 2. Let p be q(11). What is d(p)?
17
Suppose -2*x + 0*a + 26 = -4*a, -4*a = x + 5. Let n(b) be the first derivative of -b**4/4 + 7*b**3/3 + 2*b - 3. Calculate n(x).
2
Let r(a) = a**2 + a + 1. Let n(y) = -5*y + 5. Let q(i) = -n(i) + r(i). Suppose 30 = 11*s - 6*s. Suppose -s = l - 1. Determine q(l).
-9
Let j(y) = -y**2 + 8*y + 5. Let m = 77 + -121. Let b be (4 + -2)/((-11)/m). Give j(b).
5
Let h(i) = i**3 - 3*i**2 - 5*i + 4. Suppose -46 = -2*w + 2. Let c = 46 + -22. Suppose -z + w = -5*a, -3*z + c = z - 2*a. Determine h(z).
0
Suppose 0 = -2*w - 0*w - 2*h, 0 = -h - 2. Let l(x) = x**3 + 4*x - 14*x + 12 + 7*x**w - 16. What is l(-8)?
12
Suppose 6*o - 15 = 9*o. Let f be (-65)/(-20) + 2/(-8). Let c(k) = -3*k + 7 + 0*k**2 + k - k**f - 5*k**2 + 4*k. Calculate c(o).
-3
Let o(s) = 8960*s**2 - 4 - s**3 - 8966*s**2 + 2*s + 12 + 7*s. Suppose 3*i + 2 = 6*i + 2*j, -4*i - 3*j = -2. Suppose -f - 21 = i*f. Give o(f).
-6
Let r = -30 - -48. Let w = 18 - r. Let x(a) = -a. Give x(w).
0
Let j(q) be the third derivative of q**5/60 + 3*q**4/8 + q**3/6 - 255*q**2. Determine j(-12).
37
Let f(n) be the third derivative of n**5/60 - n**4/12 + n**3/6 - n**2. Let r(j) = j**3 - 13*j**2 + 12*j + 17. Let s be r(12). Let g = s + -15. What is f(g)?
1
Let b(j) = -35*j - 517. Let m be b(-15). Let l(g) = g - 4. Determine l(m).
4
Let o(i) = -i**3 - 7*i**2 - 6*i - 5. Let h(q) = 7*q - 196. Let z be h(27). What is o(z)?
37
Suppose 9*a - 15*a = 0. Let h(z) be the first derivative of -z**2/2 - 4*z + 7. Determine h(a).
-4
Suppose -22*u - 97 = -141. Let h(c) = 13*c + 4. Let n(a) = -27*a - 9. Let z(m) = 9*h(m) + 4*n(m). Determine z(u).
18
Let h(t) = t**3 + 9*t**2 + 2*t + 3. Let a be 2 - (-24)/(-14) - (-715)/(-77). Determine h(a).
-15
Let t(q) = -q**3 - 1. Let f(o) = 0*o**3 + 4*o - o + o**3 - 627 + 630. Let w(s) = -f(s) - 2*t(s). Let n be 2/(-8) + (-14)/8. Give w(n).
-3
Let t(n) = -2*n + 1. Let h(x) = -11*x + 10. Let j(u) = -h(u) + 5*t(u). What is j(0)?
-5
Let n(z) = z**3 - 4*z**2 + 4*z - 8. Let q(l) = l**3 - 3*l**2 + 3*l - 9. Let s(j) = -4*n(j) + 3*q(j). Let o = 688 + -682. Determine s(o).
-1
Let b(y) be the third derivative of -y**4/6 + 17*y**3/6 - 126*y**2. Calculate b(8).
-15
Let s(y) = y**3 + 10*y**2 + 7*y - 11. Let r(x) = -2*x**3 - 19*x**2 - 13*x + 20. Let m(n) = 6*r(n) + 11*s(n). Let f(z) = 3*z - 1. Let k be f(-1). Give m(k).
3
Let c(y) = 2*y - 5. Let z(g) = g**2 - 54*g + 117. Let l be z(2). Determine c(l).
21
Suppose -12 = -5*o + 2*o. Let b(k) = -6*k**3 - o*k - 4*k**2 + k + 9*k**3 - 5*k**3. Calculate b(-2).
6
Let x = -705 - -707. Let v(h) be the second derivative of 4*h**x + 7/12*h**4 + 1/6*h**3 + 3*h + 1/20*h**5 + 0. What is v(-7)?
1
Let j = 1204 + -1198. Let c(z) = z**3 - 7*z**2 + 5*z + 5. Determine c(j).
-1
Let t(m) = -m + 4. Suppose -i - 6 = -3*i. Suppose 0 = 5*j - i*j - 4. Suppose -2*h = 3*g, h = 3*g - j*h. Calculate t(g).
4
Let j(r) = r**3 + r**2 - r - 1. Let o(y) = y**2 + y - 4. Let m be o(2). Suppose 4*v + 1 = 2*v + s, 0 = m*v + 5*s - 29. Give j(v).
9
Let p(q) = -14*q**2 + q - 16*q**2 + 38*q**2 + 20 - 21. What is p(2)?
33
Let t(i) = i + 1. Let k(y) = -6*y - 4. Let g(b) = k(b) + 3*t(b). Let o = 217 + -219. Let p be o*(-2)/8*-6. Determine g(p).
8
Let t(p) = -p**3 + 5*p**2 + 5*p - 2. Let s be 3 - (-12)/(4 - 0). Let b be t(s). Let r = 10 + b. Let w(n) = -n**3 + 3*n**2 - 3*n + 2. Determine w(r).
0
Let c(b) = -b**3 + 7*b**2 - 6*b. Suppose m = 5*m. Suppose 0*l - 6*l + 36 = m. Give c(l).
0
Let w(o) = -o**2 + 6*o - 2. Suppose 2*l - 32 = -6*l. Suppose k - 9 = -l. Give w(k).
3
Let c(t) = -3*t + 286*t**2 - 7 + t**3 - 2*t**3 - 293*t**2. What is c(-6)?
-25
Suppose -14*v = -2*v + 120. Let z(f) = f**3 + 9*f**2 - 8*f + 13. Calculate z(v).
-7
Let x(m) = m**3 - 5*m**2 + m + 4. Suppose -2 - 23 = -5*t. Suppose 2*w - 3*o = -0 - 2, -5*w + 5*o + t = 0. Calculate x(w).
9
Let b(k) = k**2 - 11*k + 6. Let y(u) = 11*u. Let c(q) = 9*q. Let x(s) = -5*c(s) + 4*y(s). Let h be (-4)/6 - (-60)/9. Let g(i) = h*x(i) - b(i). Give g(5).
-6
Let k(v) = -v**3 + 2*v**2 - 3*v - 5. Let q(s) = -s**3 + 2*s**2 - 2*s - 4. Let r(p) = -3*k(p) + 4*q(p). Let t be (-9)/(-15) - -2 - 6/(-15). Calculate r(t).
-7
Let v(u) = u - 1. Let t(s) = 9*s - 1. Let n(r) = -t(r) - 3*v(r). Calculate n(-4).
52
Let x(z) = 64*z**2 + 5*z + 2. Let o(h) = -96*h**2 - 8*h - 3. Let m(c) = 5*o(c) + 8*x(c). What is m(1)?
33
Let y(m) = -5*m**3 + 9*m**2 + 6*m. Let t(l) = -6*l**3 + 9*l**2 + 5*l. Let n(q) = 4*t(q) - 5*y(q). Let i be n(10). Let s(g) = g + 15. What is s(i)?
15
Let c(l) = l**2 - 6*l - 5. Suppose 0 = 5*w + 4*o - 22, -5*w + 4 = -o - 28. Give c(w).
-5
Let u(h) = -h - 3*h - 1 - 2*h + 2*h + h**2. Give u(-3).
20
Let y(j) = -4*j + 14. Let z = -309 + 314. Calculate y(z).
-6
Let s(q) = 12*q**3 + 5*q**2 + 10*q + 1. Let c(z) = 8*z**3 + 3*z**2 + 7*z + 1. Let a(w) = 7*c(w) - 5*s(w). Let b be (3 - 1)*(-7)/7. What is a(b)?
20
Let x(q) be the third derivative of -q**6/240 - q**5/60 + 2*q**4/3 - 24*q**2. Let i(v) be the second derivative of x(v). What is i(4)?
-14
Let l(s) = -s**2 - 4*s + 5. Let y be l(-5). Let m(t) = -4*t + y*t + 2*t - 3 + 6*t. Calculate m(2).
5
Let n(p) = 10*p + 4. Suppose -21*w - 84 = 21*w. Calculate n(w).
-16
Let a = 106 + -36. Let t(p) = 37*p + 32*p + 2 - a*p - 7. What is t(-5)?
0
Let v(f) = -f**3 - 2*f**2 - 2. Let z = 12 - 9. Suppose -z*d = -11*d - 24. What is v(d)?
7
Let d(c) = -3*c**3 - 4*c**3 + 6*c**3 + 4 - 5*c**2 - 3*c. Suppose 7 = u - 1. Let m be 2*(-2)/u*6. What is d(m)?
-5
Let h be 9/(-7) - 2/(-7). Let r(q) = 21*q - 87. Let s(x) = 7*x - 26. Let p(v) = -3*r(v) + 10*s(v). What is p(h)?
-6
Suppose -13*t = -5*t - 16. Suppose -3*r = 2*b + 22, 4*b + 17 = -t*r - 11. Let i(w) = -3*w - 4. Determine i(r).
8
Let l(p) = p + 3. Let g be (7/(-84)*28)/(2/(-6)). Calculate l(g).
10
Let k(a) be the first derivative of -a**3/3 - 4*a**2 + 3*a - 624. Let l be (-2)/7 - (-54)/(-7). Calculate k(l).
3
Suppose 2*x = 4, 2*x + 2*x - 101 = -3*k. Let w = 48 + -73. Let n = k + w. Let q(h) = 2*h - 7. Determine q(n).
5
Let f(a) = -2*a**2 + a**3 - 2*a**2 - 13*a + 7*a. What is f(5)?
-5
Suppose 0*x - 8 = -2*x, -w - 26 = -5*x. Let a = 5 - 2. Let r(q) = -7 + 6*q**2 + q - 2*q**3 + 3*q**3 - a*q. Calculate r(w).
5
Let f be 3 - (0 + 1)*1. Let a(s) = 3 + s**2 - s - 4 + 3*s**f - 2*s**3 - 5*s**2. Let x = 9 - 10. What is a(x)?
1
Let m(c) = 7*c**2 - 2*c + 1. Let h(r) = r**3 + r**2 - r. Let i be 4/6 + 40/(-24